late the greatest common factor of 16 and d.
16
Let d(n) = -n**3 - 2*n**2 + n + 22. Let o be d(0). Calculate the greatest common divisor of 198 and o.
22
Let z(r) = 4*r**2 + 6*r - 22. Let d be z(-5). Suppose -k + u + 13 = 2, 0 = 4*k - 2*u - d. Calculate the greatest common divisor of k and 39.
13
Suppose 26*g - 378 = 5*g. What is the highest common divisor of g and 12?
6
Let p be (1 - 5)/2 - -10. Let l = -97 - -115. Let w be -3*(1 + (-258)/l). Calculate the greatest common factor of p and w.
8
Suppose 1441 = -9*n + 4960. Calculate the highest common factor of 51 and n.
17
Let q(u) = u**3 + 2*u - 3. Let i be q(2). Let d = i - -96. Suppose 3*r + 5*h - d = 0, -5*r - 2*h + 0*h = -175. What is the greatest common divisor of r and 14?
7
Let m be (-6)/4*1500/(-45). Let h = -49 + m. What is the highest common factor of h and 7?
1
Suppose 5*l + o = -168, l + 100 = -2*l - o. Let s = -20 - l. Let t be (-4)/(-18) + 752/18. What is the greatest common divisor of t and s?
14
Suppose -3*i + 26 + 46 = 0. Suppose -9*t + 242 = 26. What is the greatest common factor of i and t?
24
Suppose 17 - 14 = -3*s. Let l be 8/(-2) + s/1*-106. What is the highest common factor of l and 6?
6
Let b(r) = 15*r**2 + r - 4 - 14*r**2 + 4*r**2 + r**3. Suppose -3*w + 5*w = -8. Let d be b(w). Calculate the highest common divisor of d and 64.
8
Suppose 5*w - 175 = 645. Suppose g + 3*g + w = 0. Let u be g/(-4) - 5/20. What is the highest common divisor of u and 25?
5
Let i(c) = -12*c**3 - 5*c**2 + 2*c + 4. Let a be i(-2). What is the greatest common factor of 266 and a?
38
Suppose -11 = -3*o - 2*j, -2*j = -50*o + 49*o + 9. Calculate the greatest common factor of o and 365.
5
Let d = 22 + -33. Let a = d - -22. Suppose -2*v + 128 = 3*q, 2*q + 2*q + v = 174. Calculate the greatest common divisor of q and a.
11
Suppose -2*t + v + 4 = -28, 0 = 3*t - 3*v - 51. What is the greatest common divisor of t and 15?
15
Suppose 0 = 98*p - 77*p - 13377. Calculate the greatest common divisor of p and 52.
13
Let u be (42/6)/(3/45). Calculate the highest common divisor of 120 and u.
15
Let r(y) = -110*y + 48. Let u be r(-8). Calculate the greatest common divisor of 58 and u.
58
Suppose -6*u = -9*u + 21. What is the highest common factor of 35 and u?
7
Suppose 121 - 13 = 4*c. Suppose 7*d - c = 4*d. Let w = -8 - -35. What is the highest common divisor of w and d?
9
Let d be -45*(-3)/(75/10). Let r be (d/(-24))/(93/48 - 2). What is the highest common factor of 132 and r?
12
Let r(s) = 0 + 4*s**2 - 5*s**2 + 13*s - 5 + 2. Let t be r(11). Calculate the highest common factor of 38 and t.
19
Let w be 4/(-6) - 136/(-6). Let y(c) = -c**3 + 11*c**2 + 3*c - 183. Let j be y(8). Calculate the greatest common factor of w and j.
11
Let c be (-12)/21 - (-21360)/336. Calculate the greatest common factor of c and 693.
63
Suppose -9*b + 30*b - 2268 = 0. Calculate the greatest common divisor of 12 and b.
12
Let k(p) be the first derivative of p**4/4 - 7*p**3/3 + 5*p**2 - 11*p - 2. Let b be k(6). Calculate the greatest common divisor of b and 26.
13
Let g = -235 - -248. Calculate the highest common divisor of 104 and g.
13
Let l be ((-2 + 5)*9)/1. Suppose 25 - 172 = -3*d + 5*g, -g = 2*d - 111. What is the greatest common divisor of d and l?
27
Let a be (56 + -4 - -13) + -9. Calculate the greatest common factor of 308 and a.
28
Let r = 89 + -65. Calculate the highest common factor of 3 and r.
3
Suppose 22*s - 19*s + 5*i - 32 = 0, 3*s - i = 8. What is the highest common factor of 488 and s?
4
Let j = 2662 + -1963. What is the highest common divisor of 6 and j?
3
Suppose 20*l + 3*y = 15*l + 987, 0 = -l - 5*y + 193. Calculate the highest common factor of 132 and l.
66
Let l = 20 - 26. Let a(d) = d**2 + 4*d + 20. Let p be a(l). Let m(b) = b**2 - 6*b + 16. Let y be m(14). What is the greatest common factor of y and p?
32
Suppose 3*m - 73 = g, 4*m + g = 87 + 22. Suppose -22*j - 624 = -28*j. What is the highest common divisor of m and j?
26
Let p(x) = 240*x. Let y be p(1). Suppose y = 4*w - 0*w. Let z(u) = u**2 - u - 6. Let o be z(-5). What is the greatest common factor of o and w?
12
Let q be 19/(-38)*(-133 - -1). Let n be (3 - 42*1)*1. Let f = n + q. What is the highest common divisor of 9 and f?
9
Let x be (-2 + 3)/(3/51). Let w = x - 14. Suppose w*g - 276 = -3*h, 3*h = 2*g + g + 252. Calculate the greatest common divisor of 11 and h.
11
Let h(u) = -58*u - 6. Let x(n) = n**2 - 7*n + 4. Let d be x(6). Let q be h(d). Calculate the greatest common factor of 44 and q.
22
Let x = 1203 - 75. What is the highest common divisor of 24 and x?
24
Let p be (0 - (-14 + 10)) + 232/2. Calculate the greatest common divisor of p and 960.
120
Let w(u) = -3*u - 318. Let h be w(-109). Let q be (90/(-4))/(3/(-30)). What is the greatest common factor of h and q?
9
Suppose 2320 = 77*v - 69*v. Calculate the greatest common factor of v and 30.
10
Suppose -355 = -5*q + 4*h, -5*q - 4*h + 360 = -7*h. Let m = -13 + 38. What is the greatest common factor of q and m?
25
Let w(o) = -125*o**3 + o**2 + 2. Let h be w(-1). What is the highest common divisor of 40 and h?
8
Suppose -r - 31 = -4*k, 5*k - 26 = -5*r + 2*r. Let u = -75 + 82. What is the highest common factor of u and k?
7
Suppose 3*r = -2*r + 5*k + 355, -2*r - 4*k = -136. What is the greatest common divisor of 28 and r?
14
Let q(p) = p**3 + 7*p**2 + 6*p + 8. Let o(m) = -m**2. Let n(h) = -3*o(h) - q(h). Let t be n(-4). What is the highest common factor of t and 128?
16
Suppose 5*x - 44 = -3*w + 14, -4*x - 2*w + 46 = 0. Suppose 0 = -3*p + 4*n + 268, 187*p + 5*n = 183*p + 347. What is the highest common divisor of p and x?
11
Let a be (0 - 0)*(-22)/(-66). Suppose -3*l + 58 + 38 = a. Calculate the greatest common divisor of 8 and l.
8
Suppose u - 390 = 6*u. Let z = u + -15. Let v = z - -191. What is the highest common divisor of v and 14?
14
Suppose -4*n + 11 + 5 = 0. Suppose -2*j - 3*k - 7 = 0, -3*j - n*k + 3*k = 0. What is the highest common factor of j and 10?
1
Let b = -2291 + 2299. Calculate the greatest common factor of 49 and b.
1
Suppose 0 = 2*h - 396 + 212. What is the greatest common factor of 161 and h?
23
Let h = 89 - -157. Calculate the highest common factor of 6 and h.
6
Let b(j) = j**3 - 29*j**2 - 20*j + 50. Let g be b(30). Calculate the highest common divisor of g and 125.
25
Let m(r) = -18*r - 14. Let w be m(-11). Let u(z) = 4*z + z**2 + 2*z - 1 - 4*z. Let s be u(-6). What is the highest common factor of w and s?
23
Let h be -12 + (3/(-3) - -3). Let r be 5 - 3 - h/(-2). Let a be -1 + 9 - (r - 1). Calculate the highest common divisor of a and 60.
12
Suppose -20*l = -14*l - 168. Let x = 130 + -18. What is the highest common divisor of l and x?
28
Suppose 899*l + 702 = 905*l. What is the highest common divisor of l and 2691?
117
Let r(n) = 2*n**2 + 7. Let v be r(-7). Suppose 5*i = -g + v, -2*g + 7*i - 2*i = -210. Suppose -3*h = -2*h - 21. What is the highest common factor of h and g?
21
Suppose 4*z = s + 8, 2*z + 0*z = 2*s + 4. Let y be (-1 - s)/((-2)/(-58)). Let t = y - -57. Calculate the greatest common divisor of t and 224.
28
Suppose 0 = -18*c - 22*c + 1440. Calculate the highest common factor of c and 387.
9
Let q(o) = -o**2 + 4*o + 11. Let v be q(5). Let t be 360/v*(-3)/(-4). Calculate the greatest common factor of t and 5.
5
Let b = 709 - 677. Let k = 8 + -4. Let w be 8 - 2 - (k + -2). What is the greatest common divisor of w and b?
4
Let r(w) = w**2 - 15*w + 16. Suppose 3*n = 9 - 3. Suppose 4*l - 3*f = 71, -n*l + 5*f + 48 = f. Let m be r(l). What is the highest common divisor of m and 14?
2
Let r(i) = i**3 - 14*i**2 + 5. Let t be r(14). Suppose -20 = -t*c - 0. Suppose -h - w = h - 23, -4*w = -c. Calculate the greatest common divisor of 121 and h.
11
Let t(l) = l**2 + 10*l + 37. Let o be t(-9). Calculate the highest common factor of o and 42.
14
Let p(n) = 3*n**2 + 1. Let o be p(1). Suppose -a - 93 = -3*a - g, -3*a = -3*g - 117. Calculate the highest common divisor of a and o.
4
Let j(u) = -u**2 - 20*u + 29. Let h be j(-21). Suppose 0 = -h*r + 2*r + 126. What is the highest common factor of 7 and r?
7
Let t be (9/9)/((-2)/346). Let z = t + 470. Calculate the greatest common divisor of z and 33.
33
Let l(m) = -11*m**2 - 16*m + 11. Let f(z) = -5*z**2 - 8*z + 6. Let o(h) = -13*f(h) + 6*